{"id":191,"date":"2016-05-19T07:02:05","date_gmt":"2016-05-19T07:02:05","guid":{"rendered":"http:\/\/dulajana.eu\/blog\/?page_id=191"},"modified":"2016-05-22T10:51:41","modified_gmt":"2016-05-22T10:51:41","slug":"homeopatie-2","status":"publish","type":"page","link":"https:\/\/dulajana.eu\/blog\/?page_id=191","title":{"rendered":"Homeopatie"},"content":{"rendered":"<p style=\"text-align: center;\"><strong><img loading=\"lazy\" decoding=\"async\" class=\" size-medium wp-image-343 aligncenter\" src=\"http:\/\/dulajana.eu\/blog\/wp-content\/uploads\/2016\/05\/aid-300x150.png\" alt=\"aid\" width=\"300\" height=\"150\" srcset=\"https:\/\/dulajana.eu\/blog\/wp-content\/uploads\/2016\/05\/aid-300x150.png 300w, https:\/\/dulajana.eu\/blog\/wp-content\/uploads\/2016\/05\/aid.png 400w\" sizes=\"(max-width: 300px) 100vw, 300px\" \/><\/strong><\/p>\n<p style=\"text-align: center;\"><strong>Homeopatie je cesta k sob\u011b i druh\u00fdm skrz postupn\u00e9 vybru\u0161ov\u00e1n\u00ed t\u011bla i mysli a\u017e k celkov\u00e9 spokojenosti a t\u011blesn\u00e9mu\u00a0zdrav\u00ed. <\/strong><\/p>\n<p style=\"text-align: center;\"><strong>\u010clov\u011bk je p\u0159i homeopatick\u00e9 l\u00e9\u010db\u011b s\u00e1m hlavn\u00edm akt\u00e9rem cel\u00e9ho procesu, proto ji tak miluju&#8230;<\/strong><\/p>\n<p>&nbsp;<\/p>\n<div align=\"left\"><strong>HOMEOPATIE A DUCHOVNO<\/strong><\/div>\n<p align=\"left\">Existuje n\u011bco jako duchovn\u00ed homeopatie? M\u016f\u017ee homeopatie n\u011bkomu pomoci p\u0159i duchovn\u00edm r\u016fstu? Odpov\u011b\u010f zn\u00ed ano , nejl\u00e9pe pomoc\u00ed metody inspiruj\u00edc\u00ed homeopatie. To v\u0161ak neznamen\u00e1, \u017ee jin\u00e9 druhy homeopatie to nedok\u00e1\u017e\u00ed, proto\u017ee ka\u017ed\u00e1 \u017eivotn\u00ed zku\u0161enost, a\u0165 u\u017e je vn\u00edm\u00e1na pozitivn\u011b nebo negativn\u011b, je tvo\u0159iv\u00fdm procesem a pom\u00e1h\u00e1 dan\u00e9 osob\u011b st\u00e1t se v\u00edce uv\u011bdom\u011blou p\u0159i p\u0159ibli\u017eov\u00e1n\u00ed se sv\u00e9mu st\u0159edu, sv\u00e9 Esenci.<\/p>\n<p align=\"left\">Dob\u0159e vybran\u00fd homeopatick\u00fd l\u00e9k dok\u00e1\u017ee komukoliv v\u00fdznamn\u011b napomoci v procesu r\u016fstu, nebo\u0165 \u0159e\u0161\u00ed nejen jeho fyzick\u00e9 pot\u00ed\u017ee, ale tak\u00e9 emocion\u00e1ln\u00ed, ment\u00e1ln\u00ed a duchovn\u00ed probl\u00e9my. Pro mnoh\u00e9 lidi je homeopatie dokonce startovn\u00edm bodem v\u011bdom\u011bj\u0161\u00edho procesu duchovn\u00edho r\u016fstu. Je pravda, \u017ee dokonce i v centrech new age a duchovn\u00edho rozvoje se zat\u00edm m\u00e1lo v\u00ed o tom, jak fantastickou pomoc m\u016f\u017ee homeopatie hledaj\u00edc\u00edm lidem nab\u00eddnout. Nen\u00ed to ani tak zp\u016fsobeno ignoranc\u00ed z jej\u00ed strany jako sp\u00ed\u0161 t\u00edm, \u017ee homeopatick\u00fd sv\u011bt dosud nem\u00e1 jasnou ideu, jak pacientovi v tomto procesu v\u011bdom\u011b pom\u00e1hat.<\/p>\n<p align=\"left\">Duchovn\u00ed r\u016fst byl dosud jen sv\u00fdm zp\u016fsobem ,,vedlej\u0161\u00edm \u00fa\u010dinkem,, ,nikoli hlavn\u00edm c\u00edlem homeopatick\u00e9 l\u00e9\u010dby. Na druh\u00e9 stran\u011b je homeopatie \u010dasto \u0161patn\u011b ch\u00e1p\u00e1na. Homeopatie je zde katalyz\u00e1torem cel\u00e9ho procesu a v\u00fdrazn\u011b jej urychluje. V\u00fdvoj, kter\u00fd by trval t\u0159eba 20 let nebo dokonce cel\u00fd \u017eivot, m\u016f\u017ee nyn\u00ed prob\u011bhnout b\u011bhem jednoho nebo dvou rok\u016f a m\u016f\u017ee b\u00fdt nalezeno skute\u010dn\u00e9 \u0159e\u0161en\u00ed probl\u00e9mu, zejm\u00e9na pokud pou\u017eijeme pohledu inspiruj\u00edc\u00ed homeopatie.<\/p>\n<p align=\"left\">(Dr. Tinus Smits, Inspiruj\u00edc\u00ed homeopatie, l\u00e9\u010dba univerz\u00e1ln\u00edch \u00farovn\u00ed)<\/p>\n","protected":false},"excerpt":{"rendered":"<p style=\"text-align: center;\"><img loading=\"lazy\" decoding=\"async\" class=\" size-medium wp-image-343 aligncenter\" src=\"http:\/\/dulajana.eu\/blog\/wp-content\/uploads\/2016\/05\/aid-300x150.png\" alt=\"aid\" width=\"300\" height=\"150\" srcset=\"https:\/\/dulajana.eu\/blog\/wp-content\/uploads\/2016\/05\/aid-300x150.png 300w, https:\/\/dulajana.eu\/blog\/wp-content\/uploads\/2016\/05\/aid.png 400w\" sizes=\"(max-width: 300px) 100vw, 300px\" \/><\/p>\n<p style=\"text-align: center;\">Homeopatie je cesta k sob\u011b i druh\u00fdm skrz postupn\u00e9 vybru\u0161ov\u00e1n\u00ed t\u011bla i mysli a\u017e k celkov\u00e9 spokojenosti a t\u011blesn\u00e9mu\u00a0zdrav\u00ed. <\/p>\n<p style=\"text-align: center;\">\u010clov\u011bk je p\u0159i homeopatick\u00e9 l\u00e9\u010db\u011b s\u00e1m hlavn\u00edm akt\u00e9rem cel\u00e9ho procesu,<\/p>\n<p><a class=\"ka-read-more\" href=\"https:\/\/dulajana.eu\/blog\/?page_id=191\"><span class=\"read-more-button\">Read More<i class=\"fa fa-long-arrow-right\"><\/i><\/span><\/a><\/p>\n","protected":false},"author":1,"featured_media":0,"parent":0,"menu_order":0,"comment_status":"closed","ping_status":"open","template":"","meta":{"footnotes":""},"_links":{"self":[{"href":"https:\/\/dulajana.eu\/blog\/index.php?rest_route=\/wp\/v2\/pages\/191"}],"collection":[{"href":"https:\/\/dulajana.eu\/blog\/index.php?rest_route=\/wp\/v2\/pages"}],"about":[{"href":"https:\/\/dulajana.eu\/blog\/index.php?rest_route=\/wp\/v2\/types\/page"}],"author":[{"embeddable":true,"href":"https:\/\/dulajana.eu\/blog\/index.php?rest_route=\/wp\/v2\/users\/1"}],"replies":[{"embeddable":true,"href":"https:\/\/dulajana.eu\/blog\/index.php?rest_route=%2Fwp%2Fv2%2Fcomments&post=191"}],"version-history":[{"count":16,"href":"https:\/\/dulajana.eu\/blog\/index.php?rest_route=\/wp\/v2\/pages\/191\/revisions"}],"predecessor-version":[{"id":378,"href":"https:\/\/dulajana.eu\/blog\/index.php?rest_route=\/wp\/v2\/pages\/191\/revisions\/378"}],"wp:attachment":[{"href":"https:\/\/dulajana.eu\/blog\/index.php?rest_route=%2Fwp%2Fv2%2Fmedia&parent=191"}],"curies":[{"name":"wp","href":"https:\/\/api.w.org\/{rel}","templated":true}]}}