{"id":801,"date":"2022-10-03T09:37:00","date_gmt":"2022-10-03T09:37:00","guid":{"rendered":"http:\/\/dulajana.eu\/blog\/?page_id=801"},"modified":"2025-08-05T18:58:52","modified_gmt":"2025-08-05T18:58:52","slug":"__trashed","status":"publish","type":"page","link":"https:\/\/dulajana.eu\/blog\/?page_id=801","title":{"rendered":"Cen\u00edk m\u00fdch slu\u017eeb"},"content":{"rendered":"\n\n\n\n\n\n\n<p><em><strong>Poplatky za m\u00e9 p\u0159edporodn\u00ed, porodn\u00ed a poporodn\u00ed slu\u017eby<\/strong><\/em><\/p>\n\n\n\n<ul>\n<li><strong>\u00favodn\u00ed sch\u016fzka<\/strong>\u00a0pro ujasn\u011bn\u00ed Va\u0161ich p\u0159edstav o spolupr\u00e1ci (30 \u2013 45 min)\u00a0<strong>\u2013 zdarma<\/strong><\/li>\n\n\n\n<li><strong>p\u0159edporodn\u00ed setk\u00e1n\u00ed<\/strong>\u00a0(m\u016f\u017ee jich b\u00fdt v\u00edce) slou\u017e\u00edc\u00ed k p\u0159\u00edprav\u011b na porod a mate\u0159stv\u00ed, k podpo\u0159e v \u0159e\u0161en\u00ed ot\u00e1zek, kter\u00e9 p\u0159inesete, pomoc p\u0159i sestaven\u00ed porodn\u00edho p\u0159\u00e1n\u00ed, z kter\u00e9ho budou vypl\u00fdvat jasn\u00e9 p\u0159edstavy o pr\u016fb\u011bhu porodu \u2013\u00a0<strong>500 K\u010d\/hod<\/strong><\/li>\n\n\n\n<li><strong>dal\u0161\u00ed slu\u017eby<\/strong>\u00a0jako mas\u00e1\u017ee apod.\u00a0<strong>\u2013 500 K\u010d\/hod<\/strong><\/li>\n\n\n\n<li><strong>24hodinov\u00e1 porodn\u00ed pohotovost<\/strong>\u00a0\u2013 za\u010d\u00edn\u00e1 od ukon\u010den\u00e9ho 37. t\u00fddne t\u011bhotenstv\u00ed a zahrnuje mou p\u0159ipravenost vyrazit k porodu b\u011bhem 2 hodin od telefonick\u00e9 domluvy s V\u00e1mi. D\u00e1le jsem V\u00e1m v t\u00e9to dob\u011b 24 hodin denn\u011b telefonicky k dispozici pro online \u010di telefonick\u00e9 konzultace \u2013\u00a0<strong>5000 K\u010d<\/strong>. Tuto \u010d\u00e1stku je mo\u017eno uhradit po ukon\u010den\u00ed t\u00e9to slu\u017eby (v p\u0159\u00edpad\u011b n\u00e1sledn\u00e9ho doprovodu u porodu je mo\u017eno uhradit spole\u010dn\u011b s platbou za porod).<\/li>\n\n\n\n<li><strong>doprovod u porodu, poporodn\u00ed setk\u00e1n\u00ed v\u011bnovan\u00e9 prob\u011bhl\u00e9mu porodu, z\u00e1klad\u016fm dal\u0161\u00ed p\u00e9\u010de o miminko, drobn\u00e9 konzultace v \u0161estined\u011bl\u00ed &#8211;\u00a0\u00a05000 K\u010d<\/strong><\/li>\n\n\n\n<li>dal\u0161\u00ed setk\u00e1n\u00ed a slu\u017eby po porodu\u00a0<strong>\u2013 500 K\u010d\/hod<\/strong><\/li>\n\n\n\n<li><strong>p\u0159i cest\u00e1ch nad 50 km<\/strong>\u00a0(ob\u011b cesty celkem) p\u0159ipo\u010d\u00edt\u00e1v\u00e1m n\u00e1klady na dopravu \u2013\u00a0<strong>10 K\u010d\/km<\/strong><\/li>\n\n\n\n<li>p\u0159i cest\u00e1ch nad 1 hodinu zapo\u010d\u00edt\u00e1v\u00e1m \u010das str\u00e1ven\u00fd na cest\u011b<strong>\u00a0\u2013 250 K\u010d\/hod<\/strong><\/li>\n\n\n\n<li><strong>rodi\u010de hrad\u00ed porodn\u00ed bal\u00ed\u010dek oble\u010den\u00ed, testy apod., v\u0161e co m\u016f\u017ee b\u00fdt vy\u017eadov\u00e1no porodnic\u00ed<\/strong><br><\/li>\n<\/ul>\n\n\n<p><!--StartFragment--><\/p>\n<p><!--EndFragment--><\/p>\n\n\n\n\n\n\n<p>O p\u0159\u00edpadn\u00fdch skute\u010dnostech omezuj\u00edc\u00edch porodn\u00ed pohotovost V\u00e1s informuji p\u0159ed zah\u00e1jen\u00edm pohotovosti nebo neprodlen\u011b po tom, co se o nich dozv\u00edm. V p\u0159\u00edpad\u011b mimo\u0159\u00e1dn\u00e9 ud\u00e1losti na m\u00e9 stran\u011b (nehoda, nemoc, \u00faraz, rodinn\u00e9 d\u016fvody apod.), kdy nemohu vyjet nebo dojet k porodu, mohu v souladu s Va\u0161\u00edm p\u0159\u00e1n\u00edm v t\u00e9to situaci vyjednat jako z\u00e1stup n\u011bkterou z kolegy\u0148.<\/p>\n\n\n<p><!--EndFragment--><\/p>\n\n\n\n\n\n\n<p><em><strong>Slu\u017eby\np\u0159ed porodem: <\/strong><\/em>\n<\/p>\n\n\n\n<p>Jako dula V\u00e1m budu v t\u011bhotenstv\u00ed (nebo i p\u0159ed n\u00edm) poskytovat p\u00e9\u010di ve smyslu emocion\u00e1ln\u00ed, fyzick\u00e9 a psychick\u00e9 podpory podle vz\u00e1jemn\u00e9 dohody. Neposkytuji zdravotnick\u00e9 slu\u017eby, nezasahuji do kompetenc\u00ed zdravotn\u00edk\u016f, neposkytuji zdravotn\u00ed informace, p\u0159ed\u00e1v\u00e1m sv\u00e9 zku\u0161enosti a p\u0159edev\u0161\u00edm V\u00e1s podpo\u0159\u00edm v tom, pro co jste se sama rozhodla. V p\u0159\u00edpad\u011b, \u017ee je p\u0159i p\u0159edporodn\u00edch setk\u00e1n\u00edch p\u0159\u00edtomen i V\u00e1\u0161 partner, i jemu pom\u00e1h\u00e1m a poskytuji podporu a informace. Z v\u00fd\u0161e uveden\u00e9ho vypl\u00fdv\u00e1, \u017ee jako dula nenesu zodpov\u011bdnost za pr\u016fb\u011bh t\u011bhotenstv\u00ed po zdravotn\u00ed str\u00e1nce. M\u00fdm hlavn\u00edm c\u00edlem je pomoci V\u00e1m pro\u017e\u00edt klidn\u00e9 t\u011bhotenstv\u00ed a p\u0159ipravit V\u00e1s po v\u0161ech str\u00e1nk\u00e1ch na porod a p\u00e9\u010di o d\u00edt\u011b po porodu podle nejlep\u0161\u00edho p\u0159esv\u011bd\u010den\u00ed tak, abyste si byla schopn\u00e1 poradit v r\u016fzn\u00fdch situac\u00edch a prost\u0159ed\u00edch. V\u00fdsledkem na\u0161\u00ed spolupr\u00e1ce m\u016f\u017ee b\u00fdt tak\u00e9 sestaven\u00ed porodn\u00edho p\u0159\u00e1n\u00ed, v n\u011bm\u017e shrnete v\u0161echny sv\u00e9 p\u0159edstavy o p\u00e9\u010di, kter\u00e1 V\u00e1m m\u00e1 b\u00fdt poskytov\u00e1na v porodnici.<br>P\u0159ed p\u0159ijet\u00edm do porodnice V\u00e1m mohu poskytovat p\u00e9\u010di ve smyslu emocion\u00e1ln\u00ed, fyzick\u00e9 a psychick\u00e9 podpory v dom\u00e1c\u00edm prost\u0159ed\u00ed. \u0158\u00edd\u00edm se p\u0159itom Va\u0161imi p\u0159\u00e1n\u00edmi. Neposkytuji zdravotnick\u00e9 slu\u017eby, pe\u010duji o V\u00e1s t\u00edm, \u017ee se star\u00e1m o Va\u0161e pohodl\u00ed, tekutiny a ob\u010derstven\u00ed, promlouv\u00e1m s V\u00e1mi a partnerem, pom\u00e1h\u00e1m hledat polohy a metody, kter\u00e9 V\u00e1m mohou ulevit, pokud o n\u011b po\u017e\u00e1d\u00e1te, pom\u00e1h\u00e1m k Va\u0161emu uvoln\u011bn\u00ed. V situac\u00edch, kdy V\u00e1\u0161 partner mus\u00ed \u0159e\u0161it jin\u00e9 z\u00e1le\u017eitosti, pom\u00e1h\u00e1m s organiza\u010dn\u00edmi v\u011bcmi kolem dom\u00e1cnosti p\u0159ed odjezdem do porodnice, p\u0159\u00edpadn\u011b V\u00e1s odvezu do porodnice. M\u016f\u017eeme se ale setkat a\u017e v porodnici. V\u0161e z\u00e1vis\u00ed na Va\u0161em p\u0159\u00e1n\u00ed a v\u00fdvoji situace.<\/p>\n\n\n\n<p>\nNedoprov\u00e1z\u00edm\n\u017eeny u pl\u00e1novan\u00e9ho neasistovan\u00e9ho porodu doma. Podm\u00ednkou m\u00e9ho\ndoprovodu je alespo\u0148 jedno p\u0159edporodn\u00ed setk\u00e1n\u00ed, pokud mo\u017eno i s\npartnerem (nejde-li o z\u00e1stup za jinou dulu). <br>\tVe\u0161ker\u00e1\ndoporu\u010den\u00ed, ze kter\u00fdch v p\u0159edporodn\u00ed p\u0159\u00edprav\u011b vych\u00e1z\u00edm, se\nop\u00edraj\u00ed o mezin\u00e1rodn\u011b uzn\u00e1van\u00e9 dokumenty WHO, ICI nebo dal\u0161\u00edch\norganizac\u00ed. Samoz\u0159ejm\u011b beru v \u00favahu i doporu\u010den\u00ed \u010cPGS, se\nkter\u00fdmi pracuj\u00ed v \u010desk\u00fdch porodnic\u00edch. V\u017edy respektuji, \u017ee\nka\u017ed\u00e1 \u017eena m\u00e1 naprost\u00e9 pr\u00e1vo rozhodovat o sv\u00e9m t\u011ble,\nt\u011bhotenstv\u00ed a d\u00edt\u011bti podle sv\u00e9ho uv\u00e1\u017een\u00ed a s ohledem na svou\n\u017eivotn\u00ed historii. \n<\/p>\n\n\n\n<p><em><strong>Slu\u017eby p\u0159i porodu: <\/strong><\/em><\/p>\n\n\n\n<p>Jako dula V\u00e1m budu po p\u0159ijet\u00ed do porodnice poskytovat nep\u0159etr\u017eitou p\u00e9\u010di ve smyslu emocion\u00e1ln\u00ed, fyzick\u00e9 a psychick\u00e9 podpory v pr\u016fb\u011bhu cel\u00e9ho porodu. \u0158\u00edd\u00edm se Va\u0161imi p\u0159\u00e1n\u00edmi a pokyny. Neposkytuji zdravotnick\u00e9 slu\u017eby, nezasahuji do kompetenc\u00ed zdravotn\u00edk\u016f, nehodnot\u00edm pr\u016fb\u011bh porodu, neprezentuji v porodnici sv\u00e1 p\u0159\u00e1n\u00ed a sv\u00e9 n\u00e1zory, nerozhoduji za v\u00e1s rodi\u010de ohledn\u011b jak\u00fdchkoliv medic\u00ednsk\u00fdch z\u00e1krok\u016f, ale podpo\u0159\u00edm V\u00e1s v tom, pro co jste se sama  rozhodla. Nevstupuji do vztahu mezi V\u00e1mi a zdravotn\u00edky, sp\u00ed\u0161e tlumo\u010d\u00edm a vysv\u011btluji, a p\u0159isp\u00edv\u00e1m tak k lep\u0161\u00ed komunikaci. V p\u0159\u00edpad\u011b, \u017ee je p\u0159i porodu p\u0159\u00edtomen i partner, i jemu pom\u00e1h\u00e1m a poskytuji podporu. Z v\u00fd\u0161e uveden\u00e9ho vypl\u00fdv\u00e1, \u017ee nenesu zodpov\u011bdnost za pr\u016fb\u011bh porodu po zdravotn\u00ed str\u00e1nce.<br><br><\/p>\n\n\n\n<p><em><strong>Slu\u017eby po porodu: <\/strong><\/em><br><br>Nav\u0161t\u00edv\u00edm V\u00e1s po porodu, budu V\u00e1m k dispozici ohledn\u011b dotaz\u016f t\u00fdkaj\u00edc\u00edch se kojen\u00ed, p\u00e9\u010de o miminko i V\u00e1s. <\/p>\n","protected":false},"excerpt":{"rendered":"<p><em>Poplatky za m\u00e9 p\u0159edporodn\u00ed, porodn\u00ed a poporodn\u00ed slu\u017eby<\/em><\/p>\n<ul>\n<li>\u00favodn\u00ed sch\u016fzka\u00a0pro ujasn\u011bn\u00ed Va\u0161ich p\u0159edstav o spolupr\u00e1ci (30 \u2013 45 min)\u00a0\u2013 zdarma<\/li>\n<li>p\u0159edporodn\u00ed setk\u00e1n\u00ed\u00a0(m\u016f\u017ee jich b\u00fdt v\u00edce) slou\u017e\u00edc\u00ed k p\u0159\u00edprav\u011b na porod a mate\u0159stv\u00ed,<\/li>\n<\/ul>\n<p><a class=\"ka-read-more\" href=\"https:\/\/dulajana.eu\/blog\/?page_id=801\"><span class=\"read-more-button\">Read More<i class=\"fa fa-long-arrow-right\"><\/i><\/span><\/a><\/p>\n","protected":false},"author":1,"featured_media":0,"parent":0,"menu_order":0,"comment_status":"closed","ping_status":"closed","template":"","meta":{"footnotes":""},"_links":{"self":[{"href":"https:\/\/dulajana.eu\/blog\/index.php?rest_route=\/wp\/v2\/pages\/801"}],"collection":[{"href":"https:\/\/dulajana.eu\/blog\/index.php?rest_route=\/wp\/v2\/pages"}],"about":[{"href":"https:\/\/dulajana.eu\/blog\/index.php?rest_route=\/wp\/v2\/types\/page"}],"author":[{"embeddable":true,"href":"https:\/\/dulajana.eu\/blog\/index.php?rest_route=\/wp\/v2\/users\/1"}],"replies":[{"embeddable":true,"href":"https:\/\/dulajana.eu\/blog\/index.php?rest_route=%2Fwp%2Fv2%2Fcomments&post=801"}],"version-history":[{"count":14,"href":"https:\/\/dulajana.eu\/blog\/index.php?rest_route=\/wp\/v2\/pages\/801\/revisions"}],"predecessor-version":[{"id":1010,"href":"https:\/\/dulajana.eu\/blog\/index.php?rest_route=\/wp\/v2\/pages\/801\/revisions\/1010"}],"wp:attachment":[{"href":"https:\/\/dulajana.eu\/blog\/index.php?rest_route=%2Fwp%2Fv2%2Fmedia&parent=801"}],"curies":[{"name":"wp","href":"https:\/\/api.w.org\/{rel}","templated":true}]}}